- g = -6*u. What are the prime factors of u?
2
Let g(t) = -28*t**3 - 5*t**2 - 9*t - 9. What are the prime factors of g(-4)?
37, 47
What are the prime factors of 509613/351 - (-1)/9?
2, 3, 11
Let j = 445 - 303. Suppose j = -16*x + 702. List the prime factors of x.
5, 7
Suppose 4*t - 3 + 1 = 3*i, -5*i - 5*t = -55. Suppose 2*m - 3*h = 14 - i, -27 = -3*m - 3*h. List the prime factors of m.
7
Suppose 0 = -2*i + 445 - 321. What are the prime factors of i?
2, 31
Let g = -3 + 7. Let t = -131 - -130. List the prime factors of 6*((-14)/g)/t.
3, 7
Suppose -8*d - 21 + 93 = 0. Let v(h) be the third derivative of -h**5/60 + 3*h**4/8 + h**3 + 11*h**2. What are the prime factors of v(d)?
2, 3
Let n = -8590 + 12429. What are the prime factors of n?
11, 349
Suppose -86*g = -71*g - 22860. What are the prime factors of g?
2, 3, 127
List the prime factors of 302112/24*(-1)/(-4).
3, 1049
Let y(m) = -m**3 - 5*m**2 + 2*m - 7. Let l(f) = f**2 + 4*f - 1. Let i be l(-7). Suppose -3*j - d = d + i, -4*d - 28 = 4*j. List the prime factors of y(j).
17
Suppose 5*z = -3*s + 4*s + 69, 0 = -3*z + 4*s + 38. Let m(i) = 11 + 22*i**2 + i - z*i**2 + 8*i - i**3. What are the prime factors of m(9)?
11
Suppose r + 964 = 4*h - 3*h, 5*h = 2*r + 4832. List the prime factors of h.
2, 11
Let t(j) = -22*j + 331. List the prime factors of t(-47).
3, 5, 7, 13
Suppose -20*r + 309 = -871. List the prime factors of r.
59
Let h be 2/(((-4)/(-3))/(-4)). Let a(f) = -5*f - 17. What are the prime factors of a(h)?
13
Suppose 5*h + h - 552 = 0. Suppose 0 = -4*k + 6*k - h. List the prime factors of k.
2, 23
Let t(p) = -24*p**3 + 3*p**2 - 3. Let l(r) = -24*r**3 + 2*r**2 - 2. Let g(v) = -4*l(v) + 3*t(v). Let a be (5*8/20)/(-7 + 9). List the prime factors of g(a).
2, 3
Suppose -4*t + 22 + 98 = 0. Let y = 83 - t. What are the prime factors of y?
53
Let m(r) = r**2 - r. Let u(q) = q**3 + 9*q**2 - 6*q - 2. Let y(x) = 6*m(x) - u(x). Let d be y(-4). List the prime factors of (-2)/d*-3*51.
17
Let v(s) = -s**3 + 6*s**2 + 8*s + 2. Let i be v(7). Let o(g) = 7*g + 9. Let n be o(i). Suppose 2*h + 2*h = n. What are the prime factors of h?
2, 3
Let w = 739 - 519. List the prime factors of w.
2, 5, 11
Suppose -6535 - 10157 = -4*o. What are the prime factors of o?
3, 13, 107
Let k = 1013 - 304. List the prime factors of k.
709
List the prime factors of -5 + 3 - ((-1184 - -4) + 7).
1171
Let t be (-9)/18 - 7/2. Let f(j) = j**3 + 5*j**2 + 3*j - 3. Let i be f(t). List the prime factors of ((-15)/(-2))/(i/2).
3, 5
What are the prime factors of ((-3968739)/(-81))/19 - 6/(-27)?
2579
Let v be 2/6 - 0 - 4460/60. Let m = v + 104. What are the prime factors of m?
2, 3, 5
Suppose -w + 23 = 9*k - 5*k, 33 = 4*k - w. Let s(c) = -c - 1. Let j be s(-5). Let r = k - j. What are the prime factors of r?
3
Let u be (244/3)/(2/3). Suppose u = -3*m + 5*m. List the prime factors of m.
61
Let l(m) be the third derivative of -m**6/120 + 4*m**5/15 + 11*m**4/8 - 8*m**3/3 - 25*m**2. List the prime factors of l(17).
2
Suppose -5*f + 2*a = -4186, 2*f - 4*a - 1684 = -0*a. What are the prime factors of f?
2, 11, 19
Let c(r) = 14*r**2 - 56. List the prime factors of c(-9).
2, 7, 11
Let i = 2905 - 1736. Suppose 2*n - n = 5*h - i, -2*n + 225 = h. What are the prime factors of h?
233
Let x(m) = -5*m**3 - 4*m**2 + 33*m - 15. List the prime factors of x(-7).
19, 67
Let t(v) = 7*v + 3. Let i be t(-3). List the prime factors of 173/9 + 4/i.
19
List the prime factors of 4*-25*(-3)/60 - -5069.
2, 43, 59
Let t(h) = -2*h**2 - 8*h + 3. Let s be t(-4). Suppose -5*z = 4*o - 3*z - 46, 2*o = 3*z + s. List the prime factors of o.
3
Suppose -x - 4*i - 917 = -4*x, -4*x + 1227 = -i. Suppose -n - 42 + x = 0. List the prime factors of n.
5, 53
Let y(z) = -z**3 - 13*z**2 - 13*z - 6. Let u be y(-12). Suppose b - u*b = -200. Let g = 73 - b. List the prime factors of g.
3, 11
Let j = -68 + 71. Suppose 0 = j*z - 920 + 317. List the prime factors of z.
3, 67
Let x(k) = -618*k + 2. Let y be x(-1). Suppose -6*p + y = -484. What are the prime factors of p?
2, 23
Let d = 775 + 2383. List the prime factors of d.
2, 1579
Let u(s) = s**3 - 5*s**2 - 5*s - 1. Let k be u(6). Let g = 2 - k. List the prime factors of (0/g)/(-3) - -20.
2, 5
Let m = 45 - 126. Let t = -463 - -312. Let w = m - t. What are the prime factors of w?
2, 5, 7
Let y(t) = 3*t**3 - 6*t**2 + 20*t + 38. What are the prime factors of y(13)?
5, 47
Suppose 0 = -6*t - 11*t + 26010. What are the prime factors of t?
2, 3, 5, 17
Suppose y + 5*j - 11 = 0, 3*y = 3*j - 5*j - 32. List the prime factors of (-391)/(-3) + y/(-21).
131
Let k = 55 + 58. Let i = k - 33. What are the prime factors of i?
2, 5
Suppose -4*h + 39 = 5*y - 2, -4*h = -3*y - 1. List the prime factors of -2 - (4 - (223 - (4 - h))).
7, 31
Let k(a) = a**2 + a + 3. Let r = -12 + 16. Let d be (r/(-8))/((-3)/(-12)). What are the prime factors of k(d)?
5
Let w(s) = -s**3 + 15*s**2 + 40*s - 28. List the prime factors of w(16).
2, 89
Let b be ((-39)/12 + 5)/((-2)/(-16)). Let y = b + 6. What are the prime factors of y?
2, 5
Let r = 7 - -1. Suppose x = -r*x + 675. List the prime factors of x.
3, 5
List the prime factors of 104/3 - 16/24.
2, 17
What are the prime factors of ((-2)/(-4)*-17)/(51/(-5508))?
2, 3, 17
Let u(p) = -3*p - 1. Let s be u(-5). Let d = s - 11. Suppose -o - 2*o + 5*g + 78 = 0, d*o - 87 = 2*g. List the prime factors of o.
31
Let t be 1/(-3) + 242/33. Suppose 2*r - t = -r - 2*p, -p + 11 = 3*r. Suppose 130 + 35 = r*y. What are the prime factors of y?
3, 11
Let g be 0/(((-12)/(-9))/(-4)*3). Suppose 5*o - 16 = -4*v, v + 2*v + o - 12 = g. What are the prime factors of v?
2
Let f(r) = -r**3 + 13*r**2 + 5*r - 8. What are the prime factors of f(6)?
2, 137
Suppose q = 4*q - 240. Suppose -2*y + q = 4*l, -4*y + 138 = -6*l + 3*l. Let n = -15 + y. What are the prime factors of n?
3, 7
Let l be (-4)/(-1*(0 - 2)). Let o = l - -11. Suppose o = 3*a, -4*h - 5*a + 151 = 20. List the prime factors of h.
29
Suppose 1906 = 9*z - 1541. What are the prime factors of z?
383
Let t(i) = -13*i**3 - 4*i**2 - 8*i - 38. List the prime factors of t(-4).
2, 3, 127
Let c(o) = -o**3 + 2*o**2 + 2*o. Let i be c(3). Let b(n) = -61*n + 9. Let r be b(i). Suppose 2*d = -2*d + r. What are the prime factors of d?
2, 3
What are the prime factors of 4 + -2 + 4 + 260?
2, 7, 19
Let z = -48 + 48. Suppose -5*d + 151 = p, p - d + z*d = 133. What are the prime factors of p?
2, 17
Let s(n) = 3*n + n - 5*n + 6*n - 20. Let u(b) = b - 5. Let h(m) = 2*s(m) - 9*u(m). List the prime factors of h(4).
3
Let j be 0 - 9/(-6)*-6. Let o be (j/(-6))/(6/8). Suppose -g - o*g + 18 = 0. What are the prime factors of g?
2, 3
Suppose 5*t + 2*g + 21 = 0, -3*t + 12 = -6*t - g. Let u be (-2)/6 + (-10)/t. Suppose -p = 2*p + u*v - 114, 0 = -3*v. List the prime factors of p.
2, 19
Suppose -35*z + 4*w = -31*z - 4780, -3587 = -3*z + 5*w. List the prime factors of z.
2, 3, 199
What are the prime factors of (606/(-8))/((-1012)/(-256) - 4)?
2, 101
Let d be (0/(-3))/(3 - 1). Suppose 2*z + 2*z - 96 = d. Suppose -31 - z = -5*g. What are the prime factors of g?
11
Let l = -12 + 21. Suppose -3*y + 6 + l = 5*s, 5 = y + 4*s. Suppose 52 = -y*f + 242. What are the prime factors of f?
2, 19
What are the prime factors of 11/(((-2495)/(-415) + -6)/1)?
11, 83
Let q(r) = 14*r. Let w be q(-1). Let f be (-12)/7 + 4/w. List the prime factors of (-56)/1*1/f.
2, 7
Let y(g) = g**3 - 2*g**2 - 3*g. Let i be y(3). Suppose -4*s + 71 = s + x, 2*s + 4*x - 14 = i. List the prime factors of s.
3, 5
Let i(o) = o**2 + 7*o - 9. Let l be i(-9). What are the prime factors of 170/8 + (l/(-12))/3?
3, 7
Suppose 16*b = 42*b - 17940. What are the prime factors of b?
2, 3, 5, 23
Suppose 93 = m - 59. Suppose -7*v + 5*v = -m. What are the prime factors of v?
2, 19
Let v = 50 - 40. Let l be (-84)/(-10) - 6/15. Suppose -g - 3*y = -2*g + l, -v = -4*g + y. List the prime factors of g.
2
Suppose r = -3*v + 1279, 3*r + 5*v - 6405 = -2*r. List the prime factors of r.
2, 641
Suppose 18*s = 39*s - 26397. List the prime factors of s.
3, 419
What are the prime factors of (5 - (-4)/(-4 + 3))*1517?
37, 41
Suppose -2*a + 1618 = 5*s - 2069, -4*a = -3*s - 7361. List the prime factors of a.
7, 263
Suppose -4*l + 6 = -34. Let j be (-4)/l + (-2)/(-5). Suppose 5*m - 91 - 54 = j. List the prime fa